4). Calculate the highest common divisor of i and y.
25
Let g(v) = -v**3 + 10*v**2 - 17*v + 77. Let p be g(9). What is the highest common factor of p and 193?
1
Let g = 115 + 17. Let o be (-1)/(-2 - (-267)/g). Let y = o + 46. What is the highest common factor of 22 and y?
2
Suppose 84*c = 85*c - 5*f - 39, -4*f = 3*c - 117. Calculate the greatest common divisor of 3757 and c.
13
Let o(q) = q**2 + 21*q + 101. Let m be o(-7). Suppose 5*i = t + 83, 7 = -m*i + 4*t + 67. What is the highest common divisor of 688 and i?
16
Suppose -5*f + 10 = -q - 16, q = -5*f + 24. Suppose -8*l + 201 = -f*l. Suppose l = 3*o - 41. Calculate the greatest common factor of 324 and o.
36
Suppose 5*o - 11 = -3*c, -16*o + 17*o = -c + 1. Let w be -38 + 36 + (1*-18)/c. Let j be (2/6)/(1/15). What is the highest common divisor of j and w?
1
Let g(f) = 5*f - 29. Let u be g(7). Let o be 35 - (8/u + 10/15). What is the highest common divisor of o and 165?
33
Suppose 0 = -b + 5*w + 6480, -80*b + 76*b = -3*w - 25920. Calculate the highest common divisor of 48 and b.
48
Let l = 5302 + -5060. Calculate the greatest common divisor of l and 176.
22
Let u = -5 + 11. Let s = -521 + 535. What is the highest common factor of u and s?
2
Let y be ((-20)/(-4) - 3) + 5. Suppose 0 = -y*r - 780 + 1858. Calculate the greatest common factor of 14 and r.
14
Let n be 39/(8/(-4544)*-8). Let p be 3*(n/12 - (-24)/(-32)). What is the greatest common factor of 30 and p?
30
Let a(m) = -m**3 + 44*m**2 + 6*m - 116. Let d be a(44). Let w = d - -57. Calculate the greatest common factor of w and 82.
41
Suppose 4*p + 5*j - 8*j - 99 = 0, 3*p - 5*j = 77. Let m = -28 - -31. Suppose -9 - m = -n. What is the highest common factor of n and p?
12
Suppose 6*k - 425 = k. Suppose 84*d + 62 = k*d. Calculate the highest common factor of 155 and d.
31
Suppose -2*g = -646 + 106. Let a = 295 + g. Suppose -417 = -4*j - 3*c, 2*j - a = -3*j + 5*c. What is the highest common factor of j and 12?
12
Let w be ((-7)/42*-556)/((-2)/(-3)). Suppose 0*d = d - 4*f - 22, 4*d + f - w = 0. Calculate the highest common divisor of 34 and d.
34
Suppose -6*d + 32376 = 3*o, 15*o - 3*d - 53973 = 10*o. What is the greatest common factor of 168 and o?
42
Let z = 5435 + -4415. What is the greatest common divisor of 75 and z?
15
Suppose 104*w - 77 = 97*w. Suppose 15*a - 340 = w*a. What is the highest common divisor of 85 and a?
85
Let k = 4244 - 2972. Let b = 881 - k. Let c = b + 599. What is the greatest common factor of c and 16?
16
Let s(m) = -m**3 + m**2 + 22. Let q(v) = -v. Let n(x) = -q(x) + s(x). Let d be n(0). Let h = 301 + -191. What is the highest common divisor of d and h?
22
Let s(n) = 9*n**2 - 109*n + 16. Let h be s(12). Let g = -6 + 7. Suppose 3*u - 4 = -g. What is the greatest common divisor of u and h?
1
Suppose -5*r = 2*l - 67, 0*l - 2*l = 4*r - 68. Let o = -48 - -52. Suppose -44 + o = -10*s. What is the highest common factor of s and l?
4
Let q = -9511 + 9531. Calculate the highest common divisor of 1700 and q.
20
Suppose 0 = -3*i - 2*x + 3 + 2, -5*i + 5 = 4*x. Let s(p) = 2*p**3 - 8*p**2 + 14*p - 1. Let z be s(4). Calculate the highest common divisor of i and z.
5
Let i(g) = 2*g + 5. Suppose -42 = 4*p - 6*p. Let a be i(p). Calculate the greatest common factor of 94 and a.
47
Suppose -635*n + 54 = -617*n. What is the greatest common factor of 24 and n?
3
Suppose 544 - 2264 = -4*x. Let c = 718 - x. Let s be (-60)/(-9)*c/20. Calculate the greatest common divisor of 64 and s.
32
Let o = -14 - -17. Let a be 4*6/9*o/2. Suppose 0 = -4*w - a*m + 4, 3 = -w + 2*m + 4. Calculate the greatest common divisor of 8 and w.
1
Let v(a) = 2*a**2 + 8*a + 128. Let j be v(23). What is the greatest common divisor of 40 and j?
10
Let c be (-1)/(3 + (-44)/14). Suppose 0 = -5*l + 5*i + 845, -l + 6*l + 5*i - 825 = 0. Suppose -l = -6*j + 211. What is the greatest common divisor of j and c?
7
Let v = -529 + 535. Let r be 20/(-14)*(-399)/v. Calculate the highest common factor of 76 and r.
19
Let k be (-1200)/36 + (14/6 - 2). Let r be 6/k - 422/(-22). Let n be (-4)/18 - (-3597)/27. Calculate the highest common factor of r and n.
19
Let a = -150 + -136. Let c = -276 - a. Let n = 39 + -29. What is the highest common divisor of n and c?
10
Let k be 2/3*690/20. Suppose k = y - 47. What is the greatest common factor of y and 10?
10
Suppose -3*v - 27 - 48 = -2*o, v - 71 = -2*o. Calculate the highest common divisor of o and 84.
12
Suppose -320 = -2*y - 2*y. Suppose y = 19*q - 11*q. What is the greatest common factor of q and 160?
10
Let w(c) = -163*c - 1309. Let s be w(-8). Let x(k) = -3*k**2 + 2*k - k**3 + 0 - 3 - k**2. Let j be x(s). Calculate the greatest common factor of j and 156.
12
Let m(b) = -b**3 + 2*b**2 + 48*b - 128. Let p be m(3). Let h(x) = -6*x + 7 + x**2 + 10 + 0*x**2. Let d be h(p). What is the greatest common divisor of d and 6?
6
Suppose -3*c - 5*c = -1064. Suppose 8*v - 7*v = c. Calculate the greatest common factor of v and 14.
7
Suppose -616 - 656 = -53*x. What is the greatest common divisor of 96264 and x?
24
Let w be (((-722016)/(-40))/23)/((-4)/(-10)). Calculate the greatest common divisor of w and 90.
18
Let a = -10603 - -17688. What is the highest common factor of 65 and a?
65
Suppose -p = o - 282, -88*p + 92*p - 2*o = 1116. What is the highest common divisor of p and 2688?
56
Let b be (-2)/(-4*5/(-160)). Let s be (-72)/b + 3/2. Suppose -252 - 336 = -s*c. What is the highest common divisor of c and 49?
49
Let j(b) = 11*b**2 + 2*b + 1. Let k be j(-1). Suppose 208*w = 213*w - 75. What is the greatest common factor of k and w?
5
Let w(z) = 2*z**3 + 19*z**2 + 5*z + 41. Let s be w(-8). Let x = 54 + s. Calculate the greatest common factor of 26 and x.
13
Let b be (-7)/(98/7)*0. Suppose b = 10*n - 5*n - 65. Calculate the greatest common divisor of 247 and n.
13
Suppose 48*h + 45*h - 86*h = 7007. What is the highest common factor of 143 and h?
143
Let d be 0 + (24 - 1 - 0 - 88/(-88)). Let z be 93/(-1 + -2) + 1. Let u = -14 - z. What is the greatest common divisor of d and u?
8
Let p(i) = -3*i**3 - 11*i**2 + 9*i - 10. Let m be p(-5). Suppose -2*l = -2*t - 6*l + 634, 5*t - 4*l = 1571. Calculate the greatest common divisor of m and t.
45
Let z(n) = -27*n - 796. Let b be z(-36). What is the greatest common divisor of b and 10692?
44
Let l = -138 + 138. Let t be 9/6*(l - -5 - -1). Suppose 5*n + 1 - 16 = 0. What is the highest common divisor of n and t?
3
Let h be (-2754)/10 + -12*1/(-30). Let g = 296 + h. What is the highest common factor of 651 and g?
21
Let h(o) = -619*o - 31. Let r be h(-3). Let f = 3270 - r. What is the highest common divisor of f and 19?
19
Suppose -5*r + 14 = -m, 6*m - 5*r = m + 70. What is the highest common factor of m and 2401?
7
Let a be (-4)/(-2) - 3 - (-432)/9. Calculate the highest common factor of a and 1457.
47
Let g(n) = -48*n + 168. Let s be g(-28). Calculate the greatest common divisor of s and 112.
56
Suppose -9*d + 4292 = -9901. Let v = -851 + d. Calculate the highest common divisor of v and 33.
33
Let k be (-1)/2 + 209825/218. What is the highest common factor of k and 370?
74
Let h = 433 - 210. Suppose -73 = 2*i - h. What is the greatest common divisor of i and 15?
15
Let q be (-4)/(-68) - 49472/(-544). What is the greatest common factor of 728 and q?
91
Suppose 5*p - 23 = 2, 5*j + 45 = -p. Let s = -8 - j. Let i be 5 - 2/(2/(-5)). What is the highest common factor of s and i?
2
Suppose 2632 + 440 = 66*c - 2538. What is the greatest common factor of 15 and c?
5
Let d(u) = -2*u**3 + 21*u**2 + 5*u - 82. Let c be d(10). Calculate the greatest common factor of c and 68.
68
Let v(p) = p**3 + 9*p**2 - 11*p + 11. Let k be v(-9). Let r(d) = 32*d**2 - 4*d - 3. Let w be r(-1). What is the greatest common divisor of k and w?
11
Let p = 644 + -639. Suppose -5*z + 1212 = -0*z + 2*f, 1208 = p*z + 3*f. Calculate the greatest common divisor of z and 2.
2
Let r(a) = -a**2 - 12*a + 10. Let q be r(-13). Let p be 2/((q + 9)/72). Suppose 78 = 2*t - 450. What is the greatest common factor of t and p?
24
Let c be (-5)/40*-1*8 + 716. Let t = 737 - c. Calculate the highest common divisor of t and 16.
4
Let z = -103 - -116. Let n(v) = -5*v + 77. Let q be n(z). What is the highest common divisor of q and 4?
4
Suppose -188*l + 196*l = 840. Cal